{"id":2533,"date":"2017-06-22T10:44:23","date_gmt":"2017-06-22T10:44:23","guid":{"rendered":"https:\/\/www.bombi-abogados.es\/?page_id=2533"},"modified":"2025-11-14T15:04:49","modified_gmt":"2025-11-14T13:04:49","slug":"politica-de-cookies","status":"publish","type":"page","link":"https:\/\/www.bombi-abogados.es\/cat\/politica-de-cookies\/","title":{"rendered":"Pol\u00edtica de cookies"},"content":{"rendered":"<div class=\"wpb-content-wrapper\">[vc_row][vc_column][vc_column_text css=&#8221;&#8221;]\n<h2>Consulta les nostres pol\u00edtiques de galetes<\/h2>\n<h3>Definici\u00f3 i funci\u00f3 de les cookies<\/h3>\n<p>Qu\u00e8 s\u00f3n les galetes? Una galeta \u00e9s un fitxer que es descarrega al vostre ordinador en accedir a determinades p\u00e0gines web. Les galetes permeten a una p\u00e0gina web, entre altres coses, emmagatzemar i recuperar informaci\u00f3 sobre els h\u00e0bits de navegaci\u00f3 d&#8217;un usuari o del seu equip i, depenent de la informaci\u00f3 que continguin i de la manera com utilitzi el seu equip, es poden utilitzar per recon\u00e8ixer l&#8217;usuari.<\/p>\n<h3>Quins tipus de cookies utilitza aquesta p\u00e0gina web?<\/h3>\n<p><strong>Cookies t\u00e8cniques i de personalitzaci\u00f3<\/strong>: s\u00f3n un tipus de cookies dissenyades per demanar i emmagatzemar dades mentre l&#8217;usuari accedeix a la web per exemple sense car\u00e0cter exhaustiu per a la selecci\u00f3 de l&#8217;idioma o de sessi\u00f3.<\/p>\n<p><strong>Cookies d&#8217;an\u00e0lisi<\/strong>: s\u00f3n aquelles que ja sigui perqu\u00e8 s\u00f3n tractades per nosaltres o per tercers, ens permeten quantificar el nombre d&#8217;usuaris i aix\u00ed fer el mesurament i l&#8217;an\u00e0lisi estad\u00edstica de la utilitzaci\u00f3 que fan els usuaris del servei ofert. Per aix\u00f2 s&#8217;analitza la vostra navegaci\u00f3 a la nostra p\u00e0gina web per tal de millorar l&#8217;oferta de productes o serveis que us oferim.<\/p>\n<p><strong>Cookies de xarxes socials externes<\/strong>, que s&#8217;utilitzen perqu\u00e8 els visitants puguin interactuar i compartir contingut de diferents plataformes socials.<\/p>\n<p>Vost\u00e8 pot permetre, bloquejar o eliminar les cookies instal\u00b7lades al vostre equip mitjan\u00e7ant la configuraci\u00f3 de les opcions del navegador instal\u00b7lat.<\/p>\n<ul>\n<li>Per a m\u00e9s informaci\u00f3 sobre Internet Explorer feu clic a <a href=\"https:\/\/support.microsoft.com\/es-es\/windows\/ayuda-de-internet-explorer-23360e49-9cd3-4dda-ba52-705336cc0de2\">aqu\u00ed<\/a>.<\/li>\n<li>Per a m\u00e9s informaci\u00f3 sobre Safari premi <a href=\"https:\/\/support.apple.com\/es-es\/safari\">aqu\u00ed<\/a>.<\/li>\n<li>Per a m\u00e9s informaci\u00f3 sobre Google Chrome feu clic a <a href=\"https:\/\/support.google.com\/chrome\/?hl=ca#topic=3227046\">aqu\u00ed<\/a>.<\/li>\n<li>Per a m\u00e9s informaci\u00f3 sobre Firefox feu clic a <a href=\"https:\/\/support.mozilla.org\/es\/\">aqu\u00ed<\/a>.<\/li>\n<\/ul>\n<p>En cas que no accepteu les galetes \u00e9s possible que la p\u00e0gina web no funcioni correctament.<\/p>\n<h3>Informaci\u00f3 sobre la identificaci\u00f3 de qui utilitza les cookies<\/h3>\n<p>A continuaci\u00f3 podr\u00e0 veure la identificaci\u00f3 de qui utilitza les galetes en qu\u00e8 seguint els enlla\u00e7os podran accedir a la informaci\u00f3 sobre les seves pol\u00edtiques al respecte:<\/p>\n<ul>\n<li>Sobre les anal\u00edtiques, la informaci\u00f3 obtinguda per les cookies \u00e9s tractada per BOMB\u00cd &amp; RIPOLL ADVOCATS, SCPP., que ha contractat la prestaci\u00f3 del servei d&#8217;anal\u00edtica amb Google Analytics.<\/li>\n<\/ul>\n<ul>\n<li>Tamb\u00e9 pot ser que hi hagi complements de xarxes socials de Facebook, Google, <a href=\"https:\/\/x.com\/\">X (abans Twitter)<\/a> i\u00a0<a href=\"https:\/\/www.linkedin.com\/\">Linkedin<\/a>.<\/li>\n<\/ul>\n<h3>Actualitzaci\u00f3 de la pol\u00edtica de cookies<\/h3>\n<p>\u00c9s possible que per noves interpretacions realitzades per l&#8217;organisme regulador competent, jutges, o tribunals, aquesta pol\u00edtica de cookies pateixi alguna modificaci\u00f3 pel que es prega a l&#8217;usuari que en comprovi de manera regular el contingut.[\/vc_column_text][vc_empty_space][\/vc_column][\/vc_row]\n<\/div>","protected":false},"excerpt":{"rendered":"<p>[vc_row][vc_column][vc_column_text css=&#8221;&#8221;] Consulta les nostres pol\u00edtiques de galetes Definici\u00f3 i funci\u00f3 de les cookies Qu\u00e8 s\u00f3n les galetes? Una galeta \u00e9s un fitxer que es descarrega al vostre ordinador en accedir a determinades p\u00e0gines web. Les galetes permeten a una p\u00e0gina web, entre altres coses, emmagatzemar i recuperar informaci\u00f3 sobre els h\u00e0bits de navegaci\u00f3 d&#8217;un&hellip;<\/p>\n","protected":false},"author":3,"featured_media":0,"parent":0,"menu_order":0,"comment_status":"closed","ping_status":"closed","template":"","meta":{"footnotes":""},"class_list":["post-2533","page","type-page","status-publish","hentry","entry","no-media"],"yoast_head":"<!-- This site is optimized with the Yoast SEO plugin v27.4 - https:\/\/yoast.com\/product\/yoast-seo-wordpress\/ -->\n<title>Pol\u00edtica de cookies<\/title>\n<meta name=\"description\" content=\"BOMB\u00cd &amp; RIPOLL. Consulta la nostra pol\u00edtica de cookies i \u00fas de les mateixes al nostre lloc web\" \/>\n<meta name=\"robots\" content=\"noindex, follow\" \/>\n<meta property=\"og:locale\" content=\"ca_ES\" \/>\n<meta property=\"og:type\" content=\"article\" \/>\n<meta property=\"og:title\" content=\"Pol\u00edtica de cookies\" \/>\n<meta property=\"og:description\" content=\"BOMB\u00cd &amp; RIPOLL. Consulta la nostra pol\u00edtica de cookies i \u00fas de les mateixes al nostre lloc web\" \/>\n<meta property=\"og:url\" content=\"https:\/\/www.bombi-abogados.es\/cat\/politica-de-cookies\/\" \/>\n<meta property=\"og:site_name\" content=\"Bomb\u00ed &amp; Ripoll Bufet Advocats Barcelona\" \/>\n<meta property=\"article:modified_time\" content=\"2025-11-14T13:04:49+00:00\" \/>\n<meta name=\"twitter:card\" content=\"summary_large_image\" \/>\n<meta name=\"twitter:label1\" content=\"Temps estimat de lectura\" \/>\n\t<meta name=\"twitter:data1\" content=\"3 minuts\" \/>\n<script type=\"application\/ld+json\" class=\"yoast-schema-graph\">{\"@context\":\"https:\\\/\\\/schema.org\",\"@graph\":[{\"@type\":\"WebPage\",\"@id\":\"https:\\\/\\\/www.bombi-abogados.es\\\/cat\\\/politica-de-cookies\\\/\",\"url\":\"https:\\\/\\\/www.bombi-abogados.es\\\/cat\\\/politica-de-cookies\\\/\",\"name\":\"Pol\u00edtica de cookies\",\"isPartOf\":{\"@id\":\"https:\\\/\\\/www.bombi-abogados.es\\\/cat\\\/#website\"},\"datePublished\":\"2017-06-22T10:44:23+00:00\",\"dateModified\":\"2025-11-14T13:04:49+00:00\",\"description\":\"BOMB\u00cd & RIPOLL. Consulta la nostra pol\u00edtica de cookies i \u00fas de les mateixes al nostre lloc web\",\"breadcrumb\":{\"@id\":\"https:\\\/\\\/www.bombi-abogados.es\\\/cat\\\/politica-de-cookies\\\/#breadcrumb\"},\"inLanguage\":\"ca\",\"potentialAction\":[{\"@type\":\"ReadAction\",\"target\":[\"https:\\\/\\\/www.bombi-abogados.es\\\/cat\\\/politica-de-cookies\\\/\"]}]},{\"@type\":\"BreadcrumbList\",\"@id\":\"https:\\\/\\\/www.bombi-abogados.es\\\/cat\\\/politica-de-cookies\\\/#breadcrumb\",\"itemListElement\":[{\"@type\":\"ListItem\",\"position\":1,\"name\":\"Portada\",\"item\":\"https:\\\/\\\/www.bombi-abogados.es\\\/cat\\\/\"},{\"@type\":\"ListItem\",\"position\":2,\"name\":\"Pol\u00edtica de cookies\"}]},{\"@type\":\"WebSite\",\"@id\":\"https:\\\/\\\/www.bombi-abogados.es\\\/cat\\\/#website\",\"url\":\"https:\\\/\\\/www.bombi-abogados.es\\\/cat\\\/\",\"name\":\"Bomb\u00ed &amp; Ripoll Bufet Advocats Barcelona\",\"description\":\"\",\"publisher\":{\"@id\":\"https:\\\/\\\/www.bombi-abogados.es\\\/cat\\\/#organization\"},\"potentialAction\":[{\"@type\":\"SearchAction\",\"target\":{\"@type\":\"EntryPoint\",\"urlTemplate\":\"https:\\\/\\\/www.bombi-abogados.es\\\/cat\\\/?s={search_term_string}\"},\"query-input\":{\"@type\":\"PropertyValueSpecification\",\"valueRequired\":true,\"valueName\":\"search_term_string\"}}],\"inLanguage\":\"ca\"},{\"@type\":\"Organization\",\"@id\":\"https:\\\/\\\/www.bombi-abogados.es\\\/cat\\\/#organization\",\"name\":\"BOMB\u00cd & RIPOLL ADVOCATS, SCP\",\"url\":\"https:\\\/\\\/www.bombi-abogados.es\\\/cat\\\/\",\"logo\":{\"@type\":\"ImageObject\",\"inLanguage\":\"ca\",\"@id\":\"https:\\\/\\\/www.bombi-abogados.es\\\/cat\\\/#\\\/schema\\\/logo\\\/image\\\/\",\"url\":\"https:\\\/\\\/www.bombi-abogados.es\\\/cat\\\/wp-content\\\/uploads\\\/2017\\\/06\\\/logo-2016.jpg\",\"contentUrl\":\"https:\\\/\\\/www.bombi-abogados.es\\\/cat\\\/wp-content\\\/uploads\\\/2017\\\/06\\\/logo-2016.jpg\",\"width\":265,\"height\":73,\"caption\":\"BOMB\u00cd & RIPOLL ADVOCATS, SCP\"},\"image\":{\"@id\":\"https:\\\/\\\/www.bombi-abogados.es\\\/cat\\\/#\\\/schema\\\/logo\\\/image\\\/\"}}]}<\/script>\n<!-- \/ Yoast SEO plugin. -->","yoast_head_json":{"title":"Pol\u00edtica de cookies","description":"BOMB\u00cd & RIPOLL. Consulta la nostra pol\u00edtica de cookies i \u00fas de les mateixes al nostre lloc web","robots":{"index":"noindex","follow":"follow"},"og_locale":"ca_ES","og_type":"article","og_title":"Pol\u00edtica de cookies","og_description":"BOMB\u00cd & RIPOLL. Consulta la nostra pol\u00edtica de cookies i \u00fas de les mateixes al nostre lloc web","og_url":"https:\/\/www.bombi-abogados.es\/cat\/politica-de-cookies\/","og_site_name":"Bomb\u00ed &amp; Ripoll Bufet Advocats Barcelona","article_modified_time":"2025-11-14T13:04:49+00:00","twitter_card":"summary_large_image","twitter_misc":{"Temps estimat de lectura":"3 minuts"},"schema":{"@context":"https:\/\/schema.org","@graph":[{"@type":"WebPage","@id":"https:\/\/www.bombi-abogados.es\/cat\/politica-de-cookies\/","url":"https:\/\/www.bombi-abogados.es\/cat\/politica-de-cookies\/","name":"Pol\u00edtica de cookies","isPartOf":{"@id":"https:\/\/www.bombi-abogados.es\/cat\/#website"},"datePublished":"2017-06-22T10:44:23+00:00","dateModified":"2025-11-14T13:04:49+00:00","description":"BOMB\u00cd & RIPOLL. Consulta la nostra pol\u00edtica de cookies i \u00fas de les mateixes al nostre lloc web","breadcrumb":{"@id":"https:\/\/www.bombi-abogados.es\/cat\/politica-de-cookies\/#breadcrumb"},"inLanguage":"ca","potentialAction":[{"@type":"ReadAction","target":["https:\/\/www.bombi-abogados.es\/cat\/politica-de-cookies\/"]}]},{"@type":"BreadcrumbList","@id":"https:\/\/www.bombi-abogados.es\/cat\/politica-de-cookies\/#breadcrumb","itemListElement":[{"@type":"ListItem","position":1,"name":"Portada","item":"https:\/\/www.bombi-abogados.es\/cat\/"},{"@type":"ListItem","position":2,"name":"Pol\u00edtica de cookies"}]},{"@type":"WebSite","@id":"https:\/\/www.bombi-abogados.es\/cat\/#website","url":"https:\/\/www.bombi-abogados.es\/cat\/","name":"Bomb\u00ed &amp; Ripoll Bufet Advocats Barcelona","description":"","publisher":{"@id":"https:\/\/www.bombi-abogados.es\/cat\/#organization"},"potentialAction":[{"@type":"SearchAction","target":{"@type":"EntryPoint","urlTemplate":"https:\/\/www.bombi-abogados.es\/cat\/?s={search_term_string}"},"query-input":{"@type":"PropertyValueSpecification","valueRequired":true,"valueName":"search_term_string"}}],"inLanguage":"ca"},{"@type":"Organization","@id":"https:\/\/www.bombi-abogados.es\/cat\/#organization","name":"BOMB\u00cd & RIPOLL ADVOCATS, SCP","url":"https:\/\/www.bombi-abogados.es\/cat\/","logo":{"@type":"ImageObject","inLanguage":"ca","@id":"https:\/\/www.bombi-abogados.es\/cat\/#\/schema\/logo\/image\/","url":"https:\/\/www.bombi-abogados.es\/cat\/wp-content\/uploads\/2017\/06\/logo-2016.jpg","contentUrl":"https:\/\/www.bombi-abogados.es\/cat\/wp-content\/uploads\/2017\/06\/logo-2016.jpg","width":265,"height":73,"caption":"BOMB\u00cd & RIPOLL ADVOCATS, SCP"},"image":{"@id":"https:\/\/www.bombi-abogados.es\/cat\/#\/schema\/logo\/image\/"}}]}},"_links":{"self":[{"href":"https:\/\/www.bombi-abogados.es\/cat\/wp-json\/wp\/v2\/pages\/2533","targetHints":{"allow":["GET"]}}],"collection":[{"href":"https:\/\/www.bombi-abogados.es\/cat\/wp-json\/wp\/v2\/pages"}],"about":[{"href":"https:\/\/www.bombi-abogados.es\/cat\/wp-json\/wp\/v2\/types\/page"}],"author":[{"embeddable":true,"href":"https:\/\/www.bombi-abogados.es\/cat\/wp-json\/wp\/v2\/users\/3"}],"replies":[{"embeddable":true,"href":"https:\/\/www.bombi-abogados.es\/cat\/wp-json\/wp\/v2\/comments?post=2533"}],"version-history":[{"count":6,"href":"https:\/\/www.bombi-abogados.es\/cat\/wp-json\/wp\/v2\/pages\/2533\/revisions"}],"predecessor-version":[{"id":4503,"href":"https:\/\/www.bombi-abogados.es\/cat\/wp-json\/wp\/v2\/pages\/2533\/revisions\/4503"}],"wp:attachment":[{"href":"https:\/\/www.bombi-abogados.es\/cat\/wp-json\/wp\/v2\/media?parent=2533"}],"curies":[{"name":"wp","href":"https:\/\/api.w.org\/{rel}","templated":true}]}}